{"id":364,"date":"2023-03-03T14:18:51","date_gmt":"2023-03-03T13:18:51","guid":{"rendered":"https:\/\/klaragymnasium.se\/vasteras\/?page_id=364"},"modified":"2026-01-28T09:08:16","modified_gmt":"2026-01-28T08:08:16","slug":"borjar-du-gymnasiet-i-host","status":"publish","type":"page","link":"https:\/\/klaragymnasium.se\/vasteras\/borjar-du-gymnasiet-i-host\/","title":{"rendered":"B\u00f6rjar du gymnasiet i h\u00f6st?"},"content":{"rendered":"\n\t\n\t\n\t\n\n\t\n\t\n\t\t\n<section  class=\"c-block l-stacked  \" data-color-scheme=\"gra\">\n\t<div class=\"ams-fifty ams-fifty--container ams-fifty--right ams-fifty--bottom l-container u-pt-fluid-2xl-4xl u-pb-fluid-md-xl\">\n\t\t<div class=\"ams-fifty__content l-stack l-stack-xl is-left is-left@lg\">\n\t\t\t<div class=\"ams-fifty__text l-stack l-stack-lg\">\n\t\t\t\t\t\n\t<h1\n\tclass=\"c-heading u-font-title-1 \"\n\tstyle=\"\">\n\t\t\n\t\t\t\t\tLediga platser \/ Byta gymnasium\n\t\t\t\t\n\t<\/h1>\n\n\t\t\t\t\t\t\t\t\t<div class=\"text l-stack u-font-body\">\n\t\t\t\t\t\t<p>P\u00e5 KLARA V\u00e4ster\u00e5s har vi just nu n\u00e5gra lediga platser kvar till v\u00e5ra gymnasieprogram, vilket inneb\u00e4r att du fortfarande har chans att byta till oss inf\u00f6r skolstart 2025. Vi har lediga platser p\u00e5 Ekonomiprogrammet, Naturvetenskapsprogrammet och Samh\u00e4llsprogrammet.<\/p>\n<p>Har det dykt upp n\u00e5gon fr\u00e5ga om v\u00e5r skola, programmen eller n\u00e5got annat kopplat till gymnasievalet \u00e4r du v\u00e4lkommen att kontakta v\u00e5ran rektor Emma, <strong>emma.hellberg@klaragymnasium.se<\/strong><\/p>\n\n\t\t\t\t\t<\/div>\n\t\t\t\t\t\t\t<\/div>\n\n\t\t\t\t<div class=\"ams-fifty__action u-inline-items\">\n\t\t\t\t\t\t\t\n\n\n<a href=\"https:\/\/www.gymnasieantagning.vastmanland.se\/Vland\/Default.asp?page=auth\/common\/login\"\n\t\n\tclass=\"c-btn \"\n\tdata-style=\"round\"\n\tdata-size=\"md\"\n\tdata-width=\"full-mobile\"\n\tdata-variant=\"default\"\n\ttarget=\"_blank\">\n\t\t\t<span class=\"label\"> Till ans\u00f6kningswebben <\/span>\n\t\t\t<\/a>\n\t\t\t<\/div>\n\t\t<\/div>\n\n\t\t <div class=\"ams-fifty__media u-ratio-landscape\">\n\t\t \t\t\t\t\t<img decoding=\"async\" width=\"600\" height=\"338\" src=\"https:\/\/klaragymnasium.se\/wp-content\/uploads\/sites\/13\/2023\/04\/klara-teoretiska-gymnasium-vasteras-1-600x338.jpg\" class=\"attachment-md size-md\" alt=\"Elever utanf\u00f6r skolan\" sizes=\"(min-width: 64em) 600px, calc(100vw - 160px)\" srcset=\"https:\/\/klaragymnasium.se\/wp-content\/uploads\/sites\/13\/2023\/04\/klara-teoretiska-gymnasium-vasteras-1-600x338.jpg 600w, https:\/\/klaragymnasium.se\/wp-content\/uploads\/sites\/13\/2023\/04\/klara-teoretiska-gymnasium-vasteras-1-300x169.jpg 300w, https:\/\/klaragymnasium.se\/wp-content\/uploads\/sites\/13\/2023\/04\/klara-teoretiska-gymnasium-vasteras-1-400x225.jpg 400w, https:\/\/klaragymnasium.se\/wp-content\/uploads\/sites\/13\/2023\/04\/klara-teoretiska-gymnasium-vasteras-1-800x450.jpg 800w, https:\/\/klaragymnasium.se\/wp-content\/uploads\/sites\/13\/2023\/04\/klara-teoretiska-gymnasium-vasteras-1-1024x576.jpg 1024w, https:\/\/klaragymnasium.se\/wp-content\/uploads\/sites\/13\/2023\/04\/klara-teoretiska-gymnasium-vasteras-1-1200x675.jpg 1200w, https:\/\/klaragymnasium.se\/wp-content\/uploads\/sites\/13\/2023\/04\/klara-teoretiska-gymnasium-vasteras-1.jpg 1920w\" \/>\n\t\t\t\n\t\t\t\n\t\t\t\t\t<\/div>\n\t<\/div>\n\n\t\t\n\n<\/section>\n\n\n\n\n<section id=\"program\" class=\"ams-courses-list c-block l-stacked\" data-color-scheme=\"kurslistning\">\n\t<div class=\"l-container l-stack l-stack-fluid-2xl u-pt-fluid-3xl-6xl u-pb-fluid-3xl-6xl is-center is-center@md\">\n\t\t\t\t\t<div class=\"ams-courses-list__intro l-stack l-stack-lg\">\n\t\t\t\t\t\n\t<h2\n\tclass=\"c-heading u-font-title-1 \"\n\tstyle=\"\">\n\t\t\n\t\t\t\t\tV\u00e5ra gymnasieprogram\n\t\t\t\t\n\t<\/h2>\n\n\t\t\t\t\t\t\t\t\t<div class=\"c-text l-stack u-cs-xl u-font-body\">\n\t\t\t\t\t\t<p>P\u00e5 KLARA V\u00e4ster\u00e5s erbjuder vi teoretiska gymnasieprogram som ger dig b\u00e4sta f\u00f6rberedelsen f\u00f6r universitet och h\u00f6gskola.<\/p>\n\n\t\t\t\t\t<\/div>\n\t\t\t\t\t\t\t<\/div>\n\t\t\n\t\t\n\t\t\t\n<ul class=\"ams-courses-list__list l-grid u-gap-fluid-2xl-4xl u-justify-center\">\n\t\t\t<li class=\"l-col-6@md l-col-4@lg\">\n\t\t\t<article class=\"c-card has-media-zoom  \"\n\t\t\t\t\t\tdata-variant=\"\"\n\t\t\t\t\t\tdata-style=\"square\"\n\t\t\t\t\t\tdata-click-area>\n\t\t\t\t<div class=\"c-card__content l-stack l-stack-sm\">\n\t\t\t\t\t\t\t\t\t\t\t<h3 class=\"c-card__title u-font-title-3\">\n\t\t\t\t\t\t\t\t\t\t\t\t\t\t\t<a class=\"c-card__title-link\" href=\"https:\/\/klaragymnasium.se\/vasteras\/program\/ekonomiprogrammet\/\">\n\t\t\t\t\t\t\t\t\tEkonomiprogrammet\n\t\t\t\t\t\t\t\t<\/a>\n\t\t\t\t\t\t\t\t\t\t\t\t\t<\/h3>\n\t\t\t\t\t\n\t\t\t\t\t\t\t\t\t\t\t<p class=\"c-card__text l-stack-xs u-font-body \">\n\t\t\t\t\t\t\t\u00c4r du intresserad av ekonomi, juridik, entrepren\u00f6rskap och marknadsf\u00f6ring? \n\t\t\t\t\t\t<\/p>\n\t\t\t\t\t\n\t\t\t\t\t\t\t\t\t\t\t\t\t\t\t\t<ul class=\"c-card__list u-list-none l-stack-grow u-divider-top u-font-body\">\n\t\t\t\t\t\t\t\n\t\t\t\t\t\t\t\n\t\t\t\t\t\t\t\t<!-- Orientations within program -->\n\t\t\t\t\t\t\t\t\t\t\t\t\t\t\t\t\t<li>\n\t\t\t\t\t\t\t\t\t\t<strong>Inriktning<\/strong>\n\t\t\t\t\t\t\t\t\t\t<ul class=\"u-list-dash\">\n\t\t\t\t\t\t\t\t\t\t\t\t\t\t\t\t\t\t\t\t\t\t\t\t\t\t\t\t\t\t\t\t\t\t\t\t<li>Juridik<\/li>\n\t\t\t\t\t\t\t\t\t\t\t\t\t\t\t\t\t\t\t\t\t\t\t\t\t<li>Ekonomi<\/li>\n\t\t\t\t\t\t\t\t\t\t\t\t\t\t\t\t\t\t\t\t\t\t\t\t\t\t\t\t\t\t\t\t\t<\/ul>\n\t\t\t\t\t\t\t\t\t<\/li>\n\t\t\t\t\t\t\t\t\t\t\t\t\t\t\t\t<!-- .\/Orientations within program -->\n\n\t\t\t\t\t\t\t\t\t\t\t\t\t<\/ul>\n\n\t\t\t\t\t\t<div class=\"c-card__icon c-card__icon--nl\">\n\t\t\t\t\t\t\t\t\t\t\t\t\t\t<svg class=\"ams-icon ams-icon--arrow-right\" width=\"32\" height=\"32\" viewbox=\"0 0 32 32\" fill=\"currentColor\" aria-hidden=\"true\" xmlns=\"http:\/\/www.w3.org\/2000\/svg\">\n\t\t\t\t\t\t\t\t\t\t\t\t\t\t\t\t<path d=\"M15.4617 0.252159L14.9567 0.75931C14.6219 1.09545 14.6219 1.64048 14.9567 1.97669L27.7062 14.7806H0.857144C0.383786 14.7806 0 15.166 0 15.6414V16.3587C0 16.8341 0.383786 17.2195 0.857144 17.2195H27.7062L14.9567 30.0234C14.6219 30.3595 14.6219 30.9045 14.9567 31.2407L15.4617 31.7479C15.7964 32.084 16.3392 32.084 16.6739 31.7479L31.749 16.6087C32.0837 16.2725 32.0837 15.7275 31.749 15.3913L16.6739 0.252159C16.3392 -0.084053 15.7964 -0.084053 15.4617 0.252159Z\"\/>\n\t\t\t\t\t\t\t\n\t\t\t\t\t\t\t<\/svg>\n\t\t\t\t\t\t<\/div>\n\t\t\t\t\t\t\t\t\t<\/div>\n\t\t\t\t<div class=\"c-card__media \" style=\" \">\n\t\t\t\t\t<img decoding=\"async\" width=\"400\" height=\"225\" src=\"https:\/\/klaragymnasium.se\/wp-content\/uploads\/sites\/13\/2023\/03\/klara-teoretiska-gymnasium-ekonomiprogrammet-1-400x225.jpg\" class=\"attachment-sm size-sm wp-post-image\" alt=\"Elever sitter och lyssnar p\u00e5 ett f\u00f6redrag i en stor sal\" sizes=\"(min-width: 64em) 300px, (min-width: 48em) calc(.50 * (100vw - 240px)), calc(100vw - 160px)\" srcset=\"https:\/\/klaragymnasium.se\/wp-content\/uploads\/sites\/13\/2023\/03\/klara-teoretiska-gymnasium-ekonomiprogrammet-1-400x225.jpg 400w, https:\/\/klaragymnasium.se\/wp-content\/uploads\/sites\/13\/2023\/03\/klara-teoretiska-gymnasium-ekonomiprogrammet-1-300x169.jpg 300w, https:\/\/klaragymnasium.se\/wp-content\/uploads\/sites\/13\/2023\/03\/klara-teoretiska-gymnasium-ekonomiprogrammet-1-600x338.jpg 600w, https:\/\/klaragymnasium.se\/wp-content\/uploads\/sites\/13\/2023\/03\/klara-teoretiska-gymnasium-ekonomiprogrammet-1-800x450.jpg 800w, https:\/\/klaragymnasium.se\/wp-content\/uploads\/sites\/13\/2023\/03\/klara-teoretiska-gymnasium-ekonomiprogrammet-1-1024x576.jpg 1024w, https:\/\/klaragymnasium.se\/wp-content\/uploads\/sites\/13\/2023\/03\/klara-teoretiska-gymnasium-ekonomiprogrammet-1-1200x675.jpg 1200w, https:\/\/klaragymnasium.se\/wp-content\/uploads\/sites\/13\/2023\/03\/klara-teoretiska-gymnasium-ekonomiprogrammet-1.jpg 1920w\" \/>\n\t\t\t\t<\/div>\n\t\t\t<\/article>\n\t\t<\/li>\n\t\t\t<li class=\"l-col-6@md l-col-4@lg\">\n\t\t\t<article class=\"c-card has-media-zoom  \"\n\t\t\t\t\t\tdata-variant=\"\"\n\t\t\t\t\t\tdata-style=\"square\"\n\t\t\t\t\t\tdata-click-area>\n\t\t\t\t<div class=\"c-card__content l-stack l-stack-sm\">\n\t\t\t\t\t\t\t\t\t\t\t<h3 class=\"c-card__title u-font-title-3\">\n\t\t\t\t\t\t\t\t\t\t\t\t\t\t\t<a class=\"c-card__title-link\" href=\"https:\/\/klaragymnasium.se\/vasteras\/program\/naturvetenskapsprogrammet\/\">\n\t\t\t\t\t\t\t\t\tNaturvetenskaps&shy;programmet\n\t\t\t\t\t\t\t\t<\/a>\n\t\t\t\t\t\t\t\t\t\t\t\t\t<\/h3>\n\t\t\t\t\t\n\t\t\t\t\t\t\t\t\t\t\t<p class=\"c-card__text l-stack-xs u-font-body \">\n\t\t\t\t\t\t\tSer du en framtid som l\u00e4kare, veterin\u00e4r, biolog eller kanske forskare? \n\t\t\t\t\t\t<\/p>\n\t\t\t\t\t\n\t\t\t\t\t\t\t\t\t\t\t\t\t\t\t\t<ul class=\"c-card__list u-list-none l-stack-grow u-divider-top u-font-body\">\n\t\t\t\t\t\t\t\n\t\t\t\t\t\t\t\n\t\t\t\t\t\t\t\t<!-- Orientations within program -->\n\t\t\t\t\t\t\t\t\t\t\t\t\t\t\t\t\t<li>\n\t\t\t\t\t\t\t\t\t\t<strong>Inriktning<\/strong>\n\t\t\t\t\t\t\t\t\t\t<ul class=\"u-list-dash\">\n\t\t\t\t\t\t\t\t\t\t\t\t\t\t\t\t\t\t\t\t\t\t\t\t\t\t\t\t\t\t\t\t\t\t\t\t<li>Naturvetenskap &amp; Samh\u00e4lle<\/li>\n\t\t\t\t\t\t\t\t\t\t\t\t\t\t\t\t\t\t\t\t\t\t\t\t\t<li>Naturvetenskap<\/li>\n\t\t\t\t\t\t\t\t\t\t\t\t\t\t\t\t\t\t\t\t\t\t\t\t\t\t\t\t\t\t\t\t\t<\/ul>\n\t\t\t\t\t\t\t\t\t<\/li>\n\t\t\t\t\t\t\t\t\t\t\t\t\t\t\t\t<!-- .\/Orientations within program -->\n\n\t\t\t\t\t\t\t\t\t\t\t\t\t<\/ul>\n\n\t\t\t\t\t\t<div class=\"c-card__icon c-card__icon--nl\">\n\t\t\t\t\t\t\t\t\t\t\t\t\t\t<svg class=\"ams-icon ams-icon--arrow-right\" width=\"32\" height=\"32\" viewbox=\"0 0 32 32\" fill=\"currentColor\" aria-hidden=\"true\" xmlns=\"http:\/\/www.w3.org\/2000\/svg\">\n\t\t\t\t\t\t\t\t\t\t\t\t\t\t\t\t<path d=\"M15.4617 0.252159L14.9567 0.75931C14.6219 1.09545 14.6219 1.64048 14.9567 1.97669L27.7062 14.7806H0.857144C0.383786 14.7806 0 15.166 0 15.6414V16.3587C0 16.8341 0.383786 17.2195 0.857144 17.2195H27.7062L14.9567 30.0234C14.6219 30.3595 14.6219 30.9045 14.9567 31.2407L15.4617 31.7479C15.7964 32.084 16.3392 32.084 16.6739 31.7479L31.749 16.6087C32.0837 16.2725 32.0837 15.7275 31.749 15.3913L16.6739 0.252159C16.3392 -0.084053 15.7964 -0.084053 15.4617 0.252159Z\"\/>\n\t\t\t\t\t\t\t\n\t\t\t\t\t\t\t<\/svg>\n\t\t\t\t\t\t<\/div>\n\t\t\t\t\t\t\t\t\t<\/div>\n\t\t\t\t<div class=\"c-card__media \" style=\" \">\n\t\t\t\t\t<img decoding=\"async\" width=\"400\" height=\"225\" src=\"https:\/\/klaragymnasium.se\/wp-content\/uploads\/sites\/13\/2023\/03\/naturvetenskapsprogrammet-gymnasium-400x225.jpg\" class=\"attachment-sm size-sm wp-post-image\" alt=\"Tv\u00e5 elever med vita rockar och skyddsglas\u00f6gon laborerar med gr\u00f6n v\u00e4tska\" sizes=\"(min-width: 64em) 300px, (min-width: 48em) calc(.50 * (100vw - 240px)), calc(100vw - 160px)\" srcset=\"https:\/\/klaragymnasium.se\/wp-content\/uploads\/sites\/13\/2023\/03\/naturvetenskapsprogrammet-gymnasium-400x225.jpg 400w, https:\/\/klaragymnasium.se\/wp-content\/uploads\/sites\/13\/2023\/03\/naturvetenskapsprogrammet-gymnasium-300x169.jpg 300w, https:\/\/klaragymnasium.se\/wp-content\/uploads\/sites\/13\/2023\/03\/naturvetenskapsprogrammet-gymnasium-600x338.jpg 600w, https:\/\/klaragymnasium.se\/wp-content\/uploads\/sites\/13\/2023\/03\/naturvetenskapsprogrammet-gymnasium-800x450.jpg 800w, https:\/\/klaragymnasium.se\/wp-content\/uploads\/sites\/13\/2023\/03\/naturvetenskapsprogrammet-gymnasium-1024x576.jpg 1024w, https:\/\/klaragymnasium.se\/wp-content\/uploads\/sites\/13\/2023\/03\/naturvetenskapsprogrammet-gymnasium-1200x675.jpg 1200w, https:\/\/klaragymnasium.se\/wp-content\/uploads\/sites\/13\/2023\/03\/naturvetenskapsprogrammet-gymnasium.jpg 1920w\" \/>\n\t\t\t\t<\/div>\n\t\t\t<\/article>\n\t\t<\/li>\n\t\t\t<li class=\"l-col-6@md l-col-4@lg\">\n\t\t\t<article class=\"c-card has-media-zoom  \"\n\t\t\t\t\t\tdata-variant=\"\"\n\t\t\t\t\t\tdata-style=\"square\"\n\t\t\t\t\t\tdata-click-area>\n\t\t\t\t<div class=\"c-card__content l-stack l-stack-sm\">\n\t\t\t\t\t\t\t\t\t\t\t<h3 class=\"c-card__title u-font-title-3\">\n\t\t\t\t\t\t\t\t\t\t\t\t\t\t\t<a class=\"c-card__title-link\" href=\"https:\/\/klaragymnasium.se\/vasteras\/program\/samhallsvetenskapsprogrammet\/\">\n\t\t\t\t\t\t\t\t\tSamh\u00e4llsvetenskaps&shy;programmet\n\t\t\t\t\t\t\t\t<\/a>\n\t\t\t\t\t\t\t\t\t\t\t\t\t<\/h3>\n\t\t\t\t\t\n\t\t\t\t\t\t\t\t\t\t\t<p class=\"c-card__text l-stack-xs u-font-body \">\n\t\t\t\t\t\t\tLockar tanken p\u00e5 att plugga vidare till socionom, statsvetare eller journalist?\n\t\t\t\t\t\t<\/p>\n\t\t\t\t\t\n\t\t\t\t\t\t\t\t\t\t\t\t\t\t\t\t<ul class=\"c-card__list u-list-none l-stack-grow u-divider-top u-font-body\">\n\t\t\t\t\t\t\t\n\t\t\t\t\t\t\t\n\t\t\t\t\t\t\t\t<!-- Orientations within program -->\n\t\t\t\t\t\t\t\t\t\t\t\t\t\t\t\t\t<li>\n\t\t\t\t\t\t\t\t\t\t<strong>Inriktning<\/strong>\n\t\t\t\t\t\t\t\t\t\t<ul class=\"u-list-dash\">\n\t\t\t\t\t\t\t\t\t\t\t\t\t\t\t\t\t\t\t\t\t\t\t\t\t\t\t\t\t\t\t\t\t\t\t\t<li>Beteendevetenskap<\/li>\n\t\t\t\t\t\t\t\t\t\t\t\t\t\t\t\t\t\t\t\t\t\t\t\t\t<li>Samh\u00e4llsvetenskap<\/li>\n\t\t\t\t\t\t\t\t\t\t\t\t\t\t\t\t\t\t\t\t\t\t\t\t\t\t\t\t\t\t\t\t\t<\/ul>\n\t\t\t\t\t\t\t\t\t<\/li>\n\t\t\t\t\t\t\t\t\t\t\t\t\t\t\t\t<!-- .\/Orientations within program -->\n\n\t\t\t\t\t\t\t\t\t\t\t\t\t<\/ul>\n\n\t\t\t\t\t\t<div class=\"c-card__icon c-card__icon--nl\">\n\t\t\t\t\t\t\t\t\t\t\t\t\t\t<svg class=\"ams-icon ams-icon--arrow-right\" width=\"32\" height=\"32\" viewbox=\"0 0 32 32\" fill=\"currentColor\" aria-hidden=\"true\" xmlns=\"http:\/\/www.w3.org\/2000\/svg\">\n\t\t\t\t\t\t\t\t\t\t\t\t\t\t\t\t<path d=\"M15.4617 0.252159L14.9567 0.75931C14.6219 1.09545 14.6219 1.64048 14.9567 1.97669L27.7062 14.7806H0.857144C0.383786 14.7806 0 15.166 0 15.6414V16.3587C0 16.8341 0.383786 17.2195 0.857144 17.2195H27.7062L14.9567 30.0234C14.6219 30.3595 14.6219 30.9045 14.9567 31.2407L15.4617 31.7479C15.7964 32.084 16.3392 32.084 16.6739 31.7479L31.749 16.6087C32.0837 16.2725 32.0837 15.7275 31.749 15.3913L16.6739 0.252159C16.3392 -0.084053 15.7964 -0.084053 15.4617 0.252159Z\"\/>\n\t\t\t\t\t\t\t\n\t\t\t\t\t\t\t<\/svg>\n\t\t\t\t\t\t<\/div>\n\t\t\t\t\t\t\t\t\t<\/div>\n\t\t\t\t<div class=\"c-card__media \" style=\" \">\n\t\t\t\t\t<img decoding=\"async\" width=\"400\" height=\"225\" src=\"https:\/\/klaragymnasium.se\/wp-content\/uploads\/sites\/13\/2023\/03\/samhallsvetenskapsprogrammet-klara-teoretiska-gymnasium-400x225.jpg\" class=\"attachment-sm size-sm wp-post-image\" alt=\"Flera elever studerar tillsammans med sina datorer\" sizes=\"(min-width: 64em) 300px, (min-width: 48em) calc(.50 * (100vw - 240px)), calc(100vw - 160px)\" srcset=\"https:\/\/klaragymnasium.se\/wp-content\/uploads\/sites\/13\/2023\/03\/samhallsvetenskapsprogrammet-klara-teoretiska-gymnasium-400x225.jpg 400w, https:\/\/klaragymnasium.se\/wp-content\/uploads\/sites\/13\/2023\/03\/samhallsvetenskapsprogrammet-klara-teoretiska-gymnasium-300x169.jpg 300w, https:\/\/klaragymnasium.se\/wp-content\/uploads\/sites\/13\/2023\/03\/samhallsvetenskapsprogrammet-klara-teoretiska-gymnasium-600x338.jpg 600w, https:\/\/klaragymnasium.se\/wp-content\/uploads\/sites\/13\/2023\/03\/samhallsvetenskapsprogrammet-klara-teoretiska-gymnasium-800x450.jpg 800w, https:\/\/klaragymnasium.se\/wp-content\/uploads\/sites\/13\/2023\/03\/samhallsvetenskapsprogrammet-klara-teoretiska-gymnasium-1024x576.jpg 1024w, https:\/\/klaragymnasium.se\/wp-content\/uploads\/sites\/13\/2023\/03\/samhallsvetenskapsprogrammet-klara-teoretiska-gymnasium-1200x675.jpg 1200w, https:\/\/klaragymnasium.se\/wp-content\/uploads\/sites\/13\/2023\/03\/samhallsvetenskapsprogrammet-klara-teoretiska-gymnasium.jpg 1920w\" \/>\n\t\t\t\t<\/div>\n\t\t\t<\/article>\n\t\t<\/li>\n\t<\/ul>\n\t\n\n\t\t\t<\/div>\n\n\t\t\n\n<\/section>\n","protected":false},"excerpt":{"rendered":"","protected":false},"author":5,"featured_media":0,"parent":0,"menu_order":0,"comment_status":"closed","ping_status":"closed","template":"","meta":{"footnotes":""},"yoast_head":"<!-- This site is optimized with the Yoast SEO plugin v22.0 - https:\/\/yoast.com\/wordpress\/plugins\/seo\/ -->\n<title>B\u00f6rjar du gymnasiet i h\u00f6st? - KLARA V\u00e4ster\u00e5s<\/title>\n<meta name=\"description\" content=\"B\u00f6rjar du gymnasiet i h\u00f6st men har inte best\u00e4mt dig \u00e4nnu? P\u00e5 KLARA f\u00e5r du en skola med stor gemenskap och d\u00e4r din utveckling st\u00e5r i fokus.\" \/>\n<meta name=\"robots\" content=\"index, follow, max-snippet:-1, max-image-preview:large, max-video-preview:-1\" \/>\n<link rel=\"canonical\" href=\"https:\/\/klaragymnasium.se\/vasteras\/borjar-du-gymnasiet-i-host\/\" \/>\n<meta property=\"og:locale\" content=\"sv_SE\" \/>\n<meta property=\"og:type\" content=\"article\" \/>\n<meta property=\"og:title\" content=\"B\u00f6rjar du gymnasiet i h\u00f6st? - KLARA V\u00e4ster\u00e5s\" \/>\n<meta property=\"og:description\" content=\"B\u00f6rjar du gymnasiet i h\u00f6st men har inte best\u00e4mt dig \u00e4nnu? P\u00e5 KLARA f\u00e5r du en skola med stor gemenskap och d\u00e4r din utveckling st\u00e5r i fokus.\" \/>\n<meta property=\"og:url\" content=\"https:\/\/klaragymnasium.se\/vasteras\/borjar-du-gymnasiet-i-host\/\" \/>\n<meta property=\"og:site_name\" content=\"V\u00e4ster\u00e5s\" \/>\n<meta property=\"article:modified_time\" content=\"2026-01-28T08:08:16+00:00\" \/>\n<meta name=\"twitter:card\" content=\"summary_large_image\" \/>\n<meta name=\"twitter:title\" content=\"B\u00f6rjar du gymnasiet i h\u00f6st? - KLARA V\u00e4ster\u00e5s\" \/>\n<meta name=\"twitter:description\" content=\"B\u00f6rjar du gymnasiet i h\u00f6st men har inte best\u00e4mt dig \u00e4nnu? P\u00e5 KLARA f\u00e5r du en skola med stor gemenskap och d\u00e4r din utveckling st\u00e5r i fokus.\" \/>\n<meta name=\"twitter:label1\" content=\"Est. reading time\" \/>\n\t<meta name=\"twitter:data1\" content=\"1 minut\" \/>\n<script type=\"application\/ld+json\" class=\"yoast-schema-graph\">{\"@context\":\"https:\/\/schema.org\",\"@graph\":[{\"@type\":\"WebPage\",\"@id\":\"https:\/\/klaragymnasium.se\/vasteras\/borjar-du-gymnasiet-i-host\/\",\"url\":\"https:\/\/klaragymnasium.se\/vasteras\/borjar-du-gymnasiet-i-host\/\",\"name\":\"B\u00f6rjar du gymnasiet i h\u00f6st? - KLARA V\u00e4ster\u00e5s\",\"isPartOf\":{\"@id\":\"https:\/\/klaragymnasium.se\/vasteras\/#website\"},\"datePublished\":\"2023-03-03T13:18:51+00:00\",\"dateModified\":\"2026-01-28T08:08:16+00:00\",\"description\":\"B\u00f6rjar du gymnasiet i h\u00f6st men har inte best\u00e4mt dig \u00e4nnu? P\u00e5 KLARA f\u00e5r du en skola med stor gemenskap och d\u00e4r din utveckling st\u00e5r i fokus.\",\"breadcrumb\":{\"@id\":\"https:\/\/klaragymnasium.se\/vasteras\/borjar-du-gymnasiet-i-host\/#breadcrumb\"},\"inLanguage\":\"sv-SE\",\"potentialAction\":[{\"@type\":\"ReadAction\",\"target\":[\"https:\/\/klaragymnasium.se\/vasteras\/borjar-du-gymnasiet-i-host\/\"]}]},{\"@type\":\"BreadcrumbList\",\"@id\":\"https:\/\/klaragymnasium.se\/vasteras\/borjar-du-gymnasiet-i-host\/#breadcrumb\",\"itemListElement\":[{\"@type\":\"ListItem\",\"position\":1,\"name\":\"Start\",\"item\":\"https:\/\/klaragymnasium.se\/vasteras\/\"},{\"@type\":\"ListItem\",\"position\":2,\"name\":\"B\u00f6rjar du gymnasiet i h\u00f6st?\"}]},{\"@type\":\"WebSite\",\"@id\":\"https:\/\/klaragymnasium.se\/vasteras\/#website\",\"url\":\"https:\/\/klaragymnasium.se\/vasteras\/\",\"name\":\"V\u00e4ster\u00e5s\",\"description\":\"Just another WordPress site\",\"potentialAction\":[{\"@type\":\"SearchAction\",\"target\":{\"@type\":\"EntryPoint\",\"urlTemplate\":\"https:\/\/klaragymnasium.se\/vasteras\/?s={search_term_string}\"},\"query-input\":\"required name=search_term_string\"}],\"inLanguage\":\"sv-SE\"}]}<\/script>\n<!-- \/ Yoast SEO plugin. -->","yoast_head_json":{"title":"B\u00f6rjar du gymnasiet i h\u00f6st? - KLARA V\u00e4ster\u00e5s","description":"B\u00f6rjar du gymnasiet i h\u00f6st men har inte best\u00e4mt dig \u00e4nnu? P\u00e5 KLARA f\u00e5r du en skola med stor gemenskap och d\u00e4r din utveckling st\u00e5r i fokus.","robots":{"index":"index","follow":"follow","max-snippet":"max-snippet:-1","max-image-preview":"max-image-preview:large","max-video-preview":"max-video-preview:-1"},"canonical":"https:\/\/klaragymnasium.se\/vasteras\/borjar-du-gymnasiet-i-host\/","og_locale":"sv_SE","og_type":"article","og_title":"B\u00f6rjar du gymnasiet i h\u00f6st? - KLARA V\u00e4ster\u00e5s","og_description":"B\u00f6rjar du gymnasiet i h\u00f6st men har inte best\u00e4mt dig \u00e4nnu? P\u00e5 KLARA f\u00e5r du en skola med stor gemenskap och d\u00e4r din utveckling st\u00e5r i fokus.","og_url":"https:\/\/klaragymnasium.se\/vasteras\/borjar-du-gymnasiet-i-host\/","og_site_name":"V\u00e4ster\u00e5s","article_modified_time":"2026-01-28T08:08:16+00:00","twitter_card":"summary_large_image","twitter_title":"B\u00f6rjar du gymnasiet i h\u00f6st? - KLARA V\u00e4ster\u00e5s","twitter_description":"B\u00f6rjar du gymnasiet i h\u00f6st men har inte best\u00e4mt dig \u00e4nnu? P\u00e5 KLARA f\u00e5r du en skola med stor gemenskap och d\u00e4r din utveckling st\u00e5r i fokus.","twitter_misc":{"Est. reading time":"1 minut"},"schema":{"@context":"https:\/\/schema.org","@graph":[{"@type":"WebPage","@id":"https:\/\/klaragymnasium.se\/vasteras\/borjar-du-gymnasiet-i-host\/","url":"https:\/\/klaragymnasium.se\/vasteras\/borjar-du-gymnasiet-i-host\/","name":"B\u00f6rjar du gymnasiet i h\u00f6st? - KLARA V\u00e4ster\u00e5s","isPartOf":{"@id":"https:\/\/klaragymnasium.se\/vasteras\/#website"},"datePublished":"2023-03-03T13:18:51+00:00","dateModified":"2026-01-28T08:08:16+00:00","description":"B\u00f6rjar du gymnasiet i h\u00f6st men har inte best\u00e4mt dig \u00e4nnu? P\u00e5 KLARA f\u00e5r du en skola med stor gemenskap och d\u00e4r din utveckling st\u00e5r i fokus.","breadcrumb":{"@id":"https:\/\/klaragymnasium.se\/vasteras\/borjar-du-gymnasiet-i-host\/#breadcrumb"},"inLanguage":"sv-SE","potentialAction":[{"@type":"ReadAction","target":["https:\/\/klaragymnasium.se\/vasteras\/borjar-du-gymnasiet-i-host\/"]}]},{"@type":"BreadcrumbList","@id":"https:\/\/klaragymnasium.se\/vasteras\/borjar-du-gymnasiet-i-host\/#breadcrumb","itemListElement":[{"@type":"ListItem","position":1,"name":"Start","item":"https:\/\/klaragymnasium.se\/vasteras\/"},{"@type":"ListItem","position":2,"name":"B\u00f6rjar du gymnasiet i h\u00f6st?"}]},{"@type":"WebSite","@id":"https:\/\/klaragymnasium.se\/vasteras\/#website","url":"https:\/\/klaragymnasium.se\/vasteras\/","name":"V\u00e4ster\u00e5s","description":"Just another WordPress site","potentialAction":[{"@type":"SearchAction","target":{"@type":"EntryPoint","urlTemplate":"https:\/\/klaragymnasium.se\/vasteras\/?s={search_term_string}"},"query-input":"required name=search_term_string"}],"inLanguage":"sv-SE"}]}},"_links":{"self":[{"href":"https:\/\/klaragymnasium.se\/vasteras\/wp-json\/wp\/v2\/pages\/364"}],"collection":[{"href":"https:\/\/klaragymnasium.se\/vasteras\/wp-json\/wp\/v2\/pages"}],"about":[{"href":"https:\/\/klaragymnasium.se\/vasteras\/wp-json\/wp\/v2\/types\/page"}],"author":[{"embeddable":true,"href":"https:\/\/klaragymnasium.se\/vasteras\/wp-json\/wp\/v2\/users\/5"}],"replies":[{"embeddable":true,"href":"https:\/\/klaragymnasium.se\/vasteras\/wp-json\/wp\/v2\/comments?post=364"}],"version-history":[{"count":10,"href":"https:\/\/klaragymnasium.se\/vasteras\/wp-json\/wp\/v2\/pages\/364\/revisions"}],"predecessor-version":[{"id":2726,"href":"https:\/\/klaragymnasium.se\/vasteras\/wp-json\/wp\/v2\/pages\/364\/revisions\/2726"}],"wp:attachment":[{"href":"https:\/\/klaragymnasium.se\/vasteras\/wp-json\/wp\/v2\/media?parent=364"}],"curies":[{"name":"wp","href":"https:\/\/api.w.org\/{rel}","templated":true}]}}