{"id":385,"date":"2023-03-03T14:54:34","date_gmt":"2023-03-03T13:54:34","guid":{"rendered":"https:\/\/klaragymnasium.se\/sundsvall\/?page_id=385"},"modified":"2026-01-27T15:30:29","modified_gmt":"2026-01-27T14:30:29","slug":"om-gymnasievalet","status":"publish","type":"page","link":"https:\/\/klaragymnasium.se\/sundsvall\/om-gymnasievalet\/","title":{"rendered":"Om gymnasievalet"},"content":{"rendered":"\n<div class=\"wp-block-columns is-layout-flex wp-container-core-columns-layout-1 wp-block-columns-is-layout-flex\">\n<div class=\"wp-block-column is-layout-flow wp-block-column-is-layout-flow\" style=\"flex-basis:66.66%\">\n<h1 class=\"wp-block-heading\">Om gymnasievalet i Sundsvall<\/h1>\n\n\n\n<p   class=\"site__ingress container text-left  site__text-color--dark  site__free_text--ingress p-0\">\n\tDags att s\u00f6ka till gymnasiet? Vad kul! H\u00e4r ber\u00e4ttar vi vad du beh\u00f6ver t\u00e4nka p\u00e5 under gymnasievalet och hur du g\u00f6r f\u00f6r att s\u00f6ka till KLARA Sundsvall.<\/p>\n\n\n\n\n\n<h2 class=\"wp-block-heading\">Hur f\u00e5r jag inloggningsuppgifter?<\/h2>\n\n\n\n<p>N\u00e4r det \u00e4r dags att g\u00f6ra ditt gymnasieval kommer du f\u00e5 inloggningsuppgifter hemskickat fr\u00e5n ditt <a href=\"https:\/\/www.antagning-vn.se\/\">antagningskansli<\/a>. Detta g\u00e4ller dig som \u00e4r elev i n\u00e5gon av landets grundskolor. Om du \u00e4r bokf\u00f6rd i l\u00e4net men inte g\u00e5r i skolan kan du kontakta din hemkommuns antagningskansli.<\/p>\n\n\n\n<h2 class=\"wp-block-heading\">Hur s\u00f6ker jag?<\/h2>\n\n\n\n<p>Logga in och kontrollera att dina betyg och kontaktuppgifter st\u00e4mmer. V\u00e4lj de gymnasieprogram som du \u00f6nskar s\u00f6ka till och prioritera samtliga val i r\u00e4tt ordning efter vad du helst vill studera.<\/p>\n\n\n\n<p>I vissa kommuner m\u00e5ste du skriva ut och l\u00e4mna en undertecknad kopia av din ans\u00f6kan till din studie- och yrkesv\u00e4gledare. G\u00e5r du inte i skolan skickar du kopian till din hemkommuns antagningskansli.<\/p>\n\n\n\n<h2 class=\"wp-block-heading\">Kan jag \u00e4ndra mitt val?<\/h2>\n\n\n\n<p>Ja, under omvalsperioden kan du \u00e4ndra din ans\u00f6kan eller g\u00f6ra en helt ny. Om du \u00e4r n\u00f6jd med ditt f\u00f6rsta val ska du inte g\u00f6ra n\u00e5got alls. Antagningen kommer att baseras p\u00e5 ditt slutbetyg som du f\u00e5r n\u00e4r du tar din examen fr\u00e5n grundskolan. Slutbetyget skickas automatiskt till kommunens antagningskansli.<\/p>\n<\/div>\n\n\n\n<div class=\"wp-block-column is-layout-flow wp-block-column-is-layout-flow\" style=\"flex-basis:33.33%\">\n\n<section  class=\"ams-info-card c-block l-stacked\" data-color-scheme=\"cards\">\n\t<div class=\"l-container l-stack l-stack-fluid-2xl u-pt-fluid-3xl-6xl u-pb-fluid-3xl-6xl is-center is-center@md\">\n\t\t\n\t\t\t\t\t\n<ul class=\"ams-info-card__list l-grid u-gap-2xl\">\n\t\t\t<li class=\"l-col-6@md\">\n\t\t\t<article\n\t\t\t\tclass=\"\n\t\t\t\tc-card\n\t\t\t\t\n\t\t\t\thas-media-zoom\n\t\t\t\t\n\t\t\t\t\"\n\t\t\t\tdata-variant=\"space\"\n\t\t\t\tdata-style=\"square\"\n\t\t\t\t data-click-area\n\t\t\t\t\n\t\t\t\t\n\t\t\t\t>\n\t\t\t\t<div class=\"c-card__content l-stack l-stack-sm is-left is-left@md\">\n\t\t\t\t\t\t\t\t\t\t\t<h3 class=\"c-card__title u-font-title-3\">\n\t\t\t\t\t\t\t\t\t\t\t\t\t\t\t<a class=\"c-card__link\" href=\"https:\/\/htsa.dexter-ist.com\/HTSA\/Default.asp?page=auth\/common\/login\" target=\"_blank\">\n\t\t\t\t\t\t\t\t\tTill ans\u00f6kan\n\t\t\t\t\t\t\t\t<\/a>\n\t\t\t\t\t\t\t\t\t\t\t\t\t<\/h3>\n\t\t\t\t\t\n\t\t\t\t\t\t\t\t\t\t\t<div class=\"c-card__text l-stack-xs u-font-body\">\n\t\t\t\t\t\t\t<p class=\"p1\">Vill du s\u00f6ka till oss? F\u00e5 mer information om gymnasievalet och g\u00f6r din ans\u00f6kan via Dexter.<\/p>\n\n\t\t\t\t\t\t<\/div>\n\t\t\t\t\t\n\t\t\t\t\t\t\t\t\t\t\t<div class=\"c-card__icon c-card__icon--nl\">\n\t\t\t\t\t\t\t\t\t\t\t\t\t\t<svg class=\"ams-icon ams-icon--arrow-right\" width=\"32\" height=\"32\" viewbox=\"0 0 32 32\" fill=\"currentColor\" aria-hidden=\"true\" xmlns=\"http:\/\/www.w3.org\/2000\/svg\">\n\t\t\t\t\t\t\t\t\t\t\t\t\t\t\t\t<path d=\"M15.4617 0.252159L14.9567 0.75931C14.6219 1.09545 14.6219 1.64048 14.9567 1.97669L27.7062 14.7806H0.857144C0.383786 14.7806 0 15.166 0 15.6414V16.3587C0 16.8341 0.383786 17.2195 0.857144 17.2195H27.7062L14.9567 30.0234C14.6219 30.3595 14.6219 30.9045 14.9567 31.2407L15.4617 31.7479C15.7964 32.084 16.3392 32.084 16.6739 31.7479L31.749 16.6087C32.0837 16.2725 32.0837 15.7275 31.749 15.3913L16.6739 0.252159C16.3392 -0.084053 15.7964 -0.084053 15.4617 0.252159Z\"\/>\n\t\t\t\t\t\t\t\n\t\t\t\t\t\t\t<\/svg>\n\t\t\t\t\t\t<\/div>\n\t\t\t\t\t\t\t\t\t<\/div>\n\n\t\t\t\t\t\t\t<\/article>\n\t\t<\/li>\n\t<\/ul>\n\t\n\t\t\t<\/div>\n\n\t\t\n\n<\/section>\n\n\n\n<p><\/p>\n\n\n\n\n<section  class=\"ams-info-card c-block l-stacked\" data-color-scheme=\"info-card-gra-2\">\n\t<div class=\"l-container l-stack l-stack-fluid-2xl u-pt-fluid-3xl-6xl u-pb-fluid-3xl-6xl is-center is-center@md\">\n\t\t\n\t\t\t\t\t\n<ul class=\"ams-info-card__list l-grid u-gap-2xl\">\n\t\t\t<li class=\"l-col-6@md\">\n\t\t\t<article\n\t\t\t\tclass=\"\n\t\t\t\tc-card\n\t\t\t\t\n\t\t\t\thas-media-zoom\n\t\t\t\t\n\t\t\t\t\"\n\t\t\t\tdata-variant=\"space\"\n\t\t\t\tdata-style=\"square\"\n\t\t\t\t data-click-area\n\t\t\t\t\n\t\t\t\t\n\t\t\t\t>\n\t\t\t\t<div class=\"c-card__content l-stack l-stack-sm is-left is-left@md\">\n\t\t\t\t\t\t\t\t\t\t\t<h3 class=\"c-card__title u-font-title-3\">\n\t\t\t\t\t\t\t\t\t\t\t\t\t\t\t<a class=\"c-card__link\" href=\"https:\/\/klaragymnasium.se\/sundsvall\/gymnasieprogram\/\" target=\"_self\">\n\t\t\t\t\t\t\t\t\tTill v\u00e5ra program\n\t\t\t\t\t\t\t\t<\/a>\n\t\t\t\t\t\t\t\t\t\t\t\t\t<\/h3>\n\t\t\t\t\t\n\t\t\t\t\t\t\t\t\t\t\t<div class=\"c-card__text l-stack-xs u-font-body\">\n\t\t\t\t\t\t\t<p>\u00c4r du os\u00e4ker p\u00e5 vilket gymnasieprogram du ska v\u00e4lja? Kolla in vilka program vi erbjuder p\u00e5 KLARA Sundsvall.<\/p>\n\n\t\t\t\t\t\t<\/div>\n\t\t\t\t\t\n\t\t\t\t\t\t\t\t\t\t\t<div class=\"c-card__icon c-card__icon--nl\">\n\t\t\t\t\t\t\t\t\t\t\t\t\t\t<svg class=\"ams-icon ams-icon--arrow-right\" width=\"32\" height=\"32\" viewbox=\"0 0 32 32\" fill=\"currentColor\" aria-hidden=\"true\" xmlns=\"http:\/\/www.w3.org\/2000\/svg\">\n\t\t\t\t\t\t\t\t\t\t\t\t\t\t\t\t<path d=\"M15.4617 0.252159L14.9567 0.75931C14.6219 1.09545 14.6219 1.64048 14.9567 1.97669L27.7062 14.7806H0.857144C0.383786 14.7806 0 15.166 0 15.6414V16.3587C0 16.8341 0.383786 17.2195 0.857144 17.2195H27.7062L14.9567 30.0234C14.6219 30.3595 14.6219 30.9045 14.9567 31.2407L15.4617 31.7479C15.7964 32.084 16.3392 32.084 16.6739 31.7479L31.749 16.6087C32.0837 16.2725 32.0837 15.7275 31.749 15.3913L16.6739 0.252159C16.3392 -0.084053 15.7964 -0.084053 15.4617 0.252159Z\"\/>\n\t\t\t\t\t\t\t\n\t\t\t\t\t\t\t<\/svg>\n\t\t\t\t\t\t<\/div>\n\t\t\t\t\t\t\t\t\t<\/div>\n\n\t\t\t\t\t\t\t<\/article>\n\t\t<\/li>\n\t<\/ul>\n\t\n\t\t\t<\/div>\n\n\t\t\n\n<\/section>\n<\/div>\n<\/div>\n\n\n\n\n<section  class=\"ams-cta ams-cta--stacked c-block l-stacked\" data-color-scheme=\"gra\">\n\t<div class=\"l-container l-stack l-stack-fluid-2xl u-pt-fluid-2xl-4xl u-pb-fluid-2xl-4xl is-center is-center@md\">\n\t\t\t\t\t<div class=\"ams-cta__intro l-stack l-stack-lg\">\n\t\t\t\t\t\n\t<h2\n\tclass=\"c-heading u-font-title-1 \"\n\tstyle=\"\">\n\t\t\n\t\t\t\t\tViktiga datum f\u00f6r ditt gymnasieval\n\t\t\t\t\n\t<\/h2>\n\n\t\t\t\t\t\t\t\t\t<div class=\"c-text l-stack u-cs-xl u-font-body\">\n\t\t\t\t\t\t<p>P\u00e5 ans\u00f6kningswebben hittar du viktiga datum f\u00f6r ditt gymnasieval i Sundsvall.<\/p>\n\n\t\t\t\t\t<\/div>\n\t\t\t\t\t\t\t<\/div>\n\t\t\n\t\t\n\t\t\t<div class=\"ams-cta__action u-inline-items\">\n\t\t\t\t\t\t\t\n\n\n<a href=\"https:\/\/www.antagning-vn.se\/ansok-har\"\n\t\n\tclass=\"c-btn \"\n\tdata-style=\"round\"\n\tdata-size=\"md\"\n\tdata-width=\"full-mobile\"\n\tdata-variant=\"default\"\n\ttarget=\"_blank\">\n\t\t\t<span class=\"label\"> Se viktiga datum<\/span>\n\t\t\t<\/a>\n\t\t\t<\/div>\n\t<\/div>\n\n\t\t\n\n<\/section>\n\n\n\n\n<section  class=\"ams-cta ams-cta--stacked c-block l-stacked\" data-color-scheme=\"vit\">\n\t<div class=\"l-container-narrow l-stack l-stack-fluid-2xl u-pt-fluid-3xl-6xl u-pb-fluid-3xl-6xl is-center is-center@md\">\n\t\t\t\t\t<div class=\"ams-cta__intro l-stack l-stack-lg\">\n\t\t\t\t\t\n\t<h2\n\tclass=\"c-heading u-font-title-1 \"\n\tstyle=\"\">\n\t\t\n\t\t\t\t\tMeritv\u00e4rde\n\t\t\t\t\n\t<\/h2>\n\n\t\t\t\t\t\t\t\t\t<div class=\"c-text l-stack u-cs-xl u-font-body\">\n\t\t\t\t\t\t<p>R\u00e4kna enkelt ut ditt meritv\u00e4rde fr\u00e5n grundskolan med hj\u00e4lp av meritv\u00e4rdesr\u00e4knaren p\u00e5 Gymnasiekolls hemsida.<\/p>\n\n\t\t\t\t\t<\/div>\n\t\t\t\t\t\t\t<\/div>\n\t\t\n\t\t\n\t\t\t<div class=\"ams-cta__action u-inline-items\">\n\t\t\t\t\t\t\t\n\n\n<a href=\"https:\/\/gymnasiekoll.se\/gymnasieval\/meritvarde\/\"\n\t\n\tclass=\"c-btn \"\n\tdata-style=\"round\"\n\tdata-size=\"md\"\n\tdata-width=\"full-mobile\"\n\tdata-variant=\"default\"\n\ttarget=\"_blank\">\n\t\t\t<span class=\"label\"> Till meritv\u00e4rdesr\u00e4knaren<\/span>\n\t\t\t<\/a>\n\t\t\t<\/div>\n\t<\/div>\n\n\t\t\n\t\t\t\n\t\t\t\t\t\t\t\n\t\t\t\t<div class=\"c-bg c-bg--img\" data-settings=\"{&quot;desktop_settings&quot;:{&quot;size&quot;:&quot;auto&quot;,&quot;position&quot;:&quot;bottom-right&quot;},&quot;mobile_settings&quot;:{&quot;size&quot;:&quot;auto&quot;,&quot;position&quot;:&quot;bottom-right&quot;}}\" data-position=\"middle-center\" data-size=\"cover\">\n\t\t\t<picture><source media=\"(min-width: 48em)\" srcset=\"https:\/\/klaragymnasium.se\/wp-content\/uploads\/sites\/9\/2023\/03\/klapil300x300.png 300w, https:\/\/klaragymnasium.se\/wp-content\/uploads\/sites\/9\/2023\/03\/klapil300x300-150x150.png 150w\" sizes=\"(max-width: 300px) 100vw, 300px\" \/><source srcset=\"https:\/\/klaragymnasium.se\/wp-content\/uploads\/sites\/9\/2024\/03\/klapilrosa150x150px-2.png\" sizes=\"(max-width: 150px) 100vw, 150px\" \/><img decoding=\"async\" width=\"300\" height=\"300\" src=\"https:\/\/klaragymnasium.se\/wp-content\/uploads\/sites\/9\/2023\/03\/klapil300x300.png\" class=\"attachment-hero-lg size-hero-lg\" alt=\"Grafiskt element\" sizes=\"(max-width: 300px) 100vw, 300px\" srcset=\"https:\/\/klaragymnasium.se\/wp-content\/uploads\/sites\/9\/2023\/03\/klapil300x300.png 300w, https:\/\/klaragymnasium.se\/wp-content\/uploads\/sites\/9\/2023\/03\/klapil300x300-150x150.png 150w\" \/><\/picture>\n\t\t<\/div>\n\t\n<\/section>\n","protected":false},"excerpt":{"rendered":"<p>Om gymnasievalet i Sundsvall Hur f\u00e5r jag inloggningsuppgifter? N\u00e4r det \u00e4r dags att g\u00f6ra ditt gymnasieval kommer du f\u00e5 inloggningsuppgifter hemskickat fr\u00e5n ditt antagningskansli. Detta g\u00e4ller dig som \u00e4r elev i n\u00e5gon av landets grundskolor. Om du \u00e4r bokf\u00f6rd i l\u00e4net men inte g\u00e5r i skolan kan du kontakta din hemkommuns antagningskansli. Hur s\u00f6ker jag?&#8230;<\/p>\n","protected":false},"author":5,"featured_media":0,"parent":0,"menu_order":0,"comment_status":"closed","ping_status":"closed","template":"","meta":{"footnotes":""},"yoast_head":"<!-- This site is optimized with the Yoast SEO plugin v22.0 - https:\/\/yoast.com\/wordpress\/plugins\/seo\/ -->\n<title>Om gymnasievalet - Klara Gymnasium Sundsvall<\/title>\n<meta name=\"description\" content=\"Dags att s\u00f6ka till gymnasiet? Vad kul! H\u00e4r ber\u00e4ttar vi vad du beh\u00f6ver t\u00e4nka p\u00e5 under gymnasievalet och hur du g\u00f6r f\u00f6r att s\u00f6ka till oss.\" \/>\n<meta name=\"robots\" content=\"index, follow, max-snippet:-1, max-image-preview:large, max-video-preview:-1\" \/>\n<link rel=\"canonical\" href=\"https:\/\/klaragymnasium.se\/sundsvall\/om-gymnasievalet\/\" \/>\n<meta property=\"og:locale\" content=\"sv_SE\" \/>\n<meta property=\"og:type\" content=\"article\" \/>\n<meta property=\"og:title\" content=\"Om gymnasievalet - Klara Gymnasium Sundsvall\" \/>\n<meta property=\"og:description\" content=\"Dags att s\u00f6ka till gymnasiet? Vad kul! H\u00e4r ber\u00e4ttar vi vad du beh\u00f6ver t\u00e4nka p\u00e5 under gymnasievalet och hur du g\u00f6r f\u00f6r att s\u00f6ka till oss.\" \/>\n<meta property=\"og:url\" content=\"https:\/\/klaragymnasium.se\/sundsvall\/om-gymnasievalet\/\" \/>\n<meta property=\"og:site_name\" content=\"Sundsvall\" \/>\n<meta property=\"article:modified_time\" content=\"2026-01-27T14:30:29+00:00\" \/>\n<meta name=\"twitter:card\" content=\"summary_large_image\" \/>\n<meta name=\"twitter:title\" content=\"Om gymnasievalet - Klara Gymnasium Sundsvall\" \/>\n<meta name=\"twitter:description\" content=\"Dags att s\u00f6ka till gymnasiet? Vad kul! H\u00e4r ber\u00e4ttar vi vad du beh\u00f6ver t\u00e4nka p\u00e5 under gymnasievalet och hur du g\u00f6r f\u00f6r att s\u00f6ka till oss.\" \/>\n<meta name=\"twitter:label1\" content=\"Est. reading time\" \/>\n\t<meta name=\"twitter:data1\" content=\"2 minuter\" \/>\n<script type=\"application\/ld+json\" class=\"yoast-schema-graph\">{\"@context\":\"https:\/\/schema.org\",\"@graph\":[{\"@type\":\"WebPage\",\"@id\":\"https:\/\/klaragymnasium.se\/sundsvall\/om-gymnasievalet\/\",\"url\":\"https:\/\/klaragymnasium.se\/sundsvall\/om-gymnasievalet\/\",\"name\":\"Om gymnasievalet - Klara Gymnasium Sundsvall\",\"isPartOf\":{\"@id\":\"https:\/\/klaragymnasium.se\/sundsvall\/#website\"},\"datePublished\":\"2023-03-03T13:54:34+00:00\",\"dateModified\":\"2026-01-27T14:30:29+00:00\",\"description\":\"Dags att s\u00f6ka till gymnasiet? Vad kul! H\u00e4r ber\u00e4ttar vi vad du beh\u00f6ver t\u00e4nka p\u00e5 under gymnasievalet och hur du g\u00f6r f\u00f6r att s\u00f6ka till oss.\",\"breadcrumb\":{\"@id\":\"https:\/\/klaragymnasium.se\/sundsvall\/om-gymnasievalet\/#breadcrumb\"},\"inLanguage\":\"sv-SE\",\"potentialAction\":[{\"@type\":\"ReadAction\",\"target\":[\"https:\/\/klaragymnasium.se\/sundsvall\/om-gymnasievalet\/\"]}]},{\"@type\":\"BreadcrumbList\",\"@id\":\"https:\/\/klaragymnasium.se\/sundsvall\/om-gymnasievalet\/#breadcrumb\",\"itemListElement\":[{\"@type\":\"ListItem\",\"position\":1,\"name\":\"Start\",\"item\":\"https:\/\/klaragymnasium.se\/sundsvall\/\"},{\"@type\":\"ListItem\",\"position\":2,\"name\":\"Om gymnasievalet\"}]},{\"@type\":\"WebSite\",\"@id\":\"https:\/\/klaragymnasium.se\/sundsvall\/#website\",\"url\":\"https:\/\/klaragymnasium.se\/sundsvall\/\",\"name\":\"Sundsvall\",\"description\":\"Just another WordPress site\",\"potentialAction\":[{\"@type\":\"SearchAction\",\"target\":{\"@type\":\"EntryPoint\",\"urlTemplate\":\"https:\/\/klaragymnasium.se\/sundsvall\/?s={search_term_string}\"},\"query-input\":\"required name=search_term_string\"}],\"inLanguage\":\"sv-SE\"}]}<\/script>\n<!-- \/ Yoast SEO plugin. -->","yoast_head_json":{"title":"Om gymnasievalet - Klara Gymnasium Sundsvall","description":"Dags att s\u00f6ka till gymnasiet? Vad kul! H\u00e4r ber\u00e4ttar vi vad du beh\u00f6ver t\u00e4nka p\u00e5 under gymnasievalet och hur du g\u00f6r f\u00f6r att s\u00f6ka till oss.","robots":{"index":"index","follow":"follow","max-snippet":"max-snippet:-1","max-image-preview":"max-image-preview:large","max-video-preview":"max-video-preview:-1"},"canonical":"https:\/\/klaragymnasium.se\/sundsvall\/om-gymnasievalet\/","og_locale":"sv_SE","og_type":"article","og_title":"Om gymnasievalet - Klara Gymnasium Sundsvall","og_description":"Dags att s\u00f6ka till gymnasiet? Vad kul! H\u00e4r ber\u00e4ttar vi vad du beh\u00f6ver t\u00e4nka p\u00e5 under gymnasievalet och hur du g\u00f6r f\u00f6r att s\u00f6ka till oss.","og_url":"https:\/\/klaragymnasium.se\/sundsvall\/om-gymnasievalet\/","og_site_name":"Sundsvall","article_modified_time":"2026-01-27T14:30:29+00:00","twitter_card":"summary_large_image","twitter_title":"Om gymnasievalet - Klara Gymnasium Sundsvall","twitter_description":"Dags att s\u00f6ka till gymnasiet? Vad kul! H\u00e4r ber\u00e4ttar vi vad du beh\u00f6ver t\u00e4nka p\u00e5 under gymnasievalet och hur du g\u00f6r f\u00f6r att s\u00f6ka till oss.","twitter_misc":{"Est. reading time":"2 minuter"},"schema":{"@context":"https:\/\/schema.org","@graph":[{"@type":"WebPage","@id":"https:\/\/klaragymnasium.se\/sundsvall\/om-gymnasievalet\/","url":"https:\/\/klaragymnasium.se\/sundsvall\/om-gymnasievalet\/","name":"Om gymnasievalet - Klara Gymnasium Sundsvall","isPartOf":{"@id":"https:\/\/klaragymnasium.se\/sundsvall\/#website"},"datePublished":"2023-03-03T13:54:34+00:00","dateModified":"2026-01-27T14:30:29+00:00","description":"Dags att s\u00f6ka till gymnasiet? Vad kul! H\u00e4r ber\u00e4ttar vi vad du beh\u00f6ver t\u00e4nka p\u00e5 under gymnasievalet och hur du g\u00f6r f\u00f6r att s\u00f6ka till oss.","breadcrumb":{"@id":"https:\/\/klaragymnasium.se\/sundsvall\/om-gymnasievalet\/#breadcrumb"},"inLanguage":"sv-SE","potentialAction":[{"@type":"ReadAction","target":["https:\/\/klaragymnasium.se\/sundsvall\/om-gymnasievalet\/"]}]},{"@type":"BreadcrumbList","@id":"https:\/\/klaragymnasium.se\/sundsvall\/om-gymnasievalet\/#breadcrumb","itemListElement":[{"@type":"ListItem","position":1,"name":"Start","item":"https:\/\/klaragymnasium.se\/sundsvall\/"},{"@type":"ListItem","position":2,"name":"Om gymnasievalet"}]},{"@type":"WebSite","@id":"https:\/\/klaragymnasium.se\/sundsvall\/#website","url":"https:\/\/klaragymnasium.se\/sundsvall\/","name":"Sundsvall","description":"Just another WordPress site","potentialAction":[{"@type":"SearchAction","target":{"@type":"EntryPoint","urlTemplate":"https:\/\/klaragymnasium.se\/sundsvall\/?s={search_term_string}"},"query-input":"required name=search_term_string"}],"inLanguage":"sv-SE"}]}},"_links":{"self":[{"href":"https:\/\/klaragymnasium.se\/sundsvall\/wp-json\/wp\/v2\/pages\/385"}],"collection":[{"href":"https:\/\/klaragymnasium.se\/sundsvall\/wp-json\/wp\/v2\/pages"}],"about":[{"href":"https:\/\/klaragymnasium.se\/sundsvall\/wp-json\/wp\/v2\/types\/page"}],"author":[{"embeddable":true,"href":"https:\/\/klaragymnasium.se\/sundsvall\/wp-json\/wp\/v2\/users\/5"}],"replies":[{"embeddable":true,"href":"https:\/\/klaragymnasium.se\/sundsvall\/wp-json\/wp\/v2\/comments?post=385"}],"version-history":[{"count":10,"href":"https:\/\/klaragymnasium.se\/sundsvall\/wp-json\/wp\/v2\/pages\/385\/revisions"}],"predecessor-version":[{"id":3545,"href":"https:\/\/klaragymnasium.se\/sundsvall\/wp-json\/wp\/v2\/pages\/385\/revisions\/3545"}],"wp:attachment":[{"href":"https:\/\/klaragymnasium.se\/sundsvall\/wp-json\/wp\/v2\/media?parent=385"}],"curies":[{"name":"wp","href":"https:\/\/api.w.org\/{rel}","templated":true}]}}